tor of 1818088?
True
Does 995 divide 219132896?
False
Is 82 a factor of 12672608?
True
Does 1735 divide 16100904?
False
Is 20604782 a multiple of 1258?
True
Is 6293539029 a multiple of 86?
False
Does 5 divide 143995?
True
Is 4 a factor of 20207891?
False
Does 3309 divide 1944216186?
True
Does 6 divide 11133055?
False
Is 179361394 a multiple of 38?
False
Is 7446114 a multiple of 117?
True
Does 98 divide 147436002?
True
Does 94 divide 2042162?
False
Is 3629291925 a multiple of 8665?
True
Is 479 a factor of 15950238?
False
Does 2640 divide 9886800?
True
Is 251608640 a multiple of 304?
True
Is 28059360 a multiple of 3?
True
Does 3238 divide 67189367?
False
Does 1172 divide 22179161?
False
Is 61 a factor of 6289744?
False
Does 540 divide 415577520?
True
Is 75112873 a multiple of 11?
True
Does 9 divide 4911361?
False
Is 4 a factor of 52951849?
False
Does 18 divide 106520956?
False
Does 1846 divide 630554254?
False
Does 66 divide 163458199?
False
Is 47482516 a multiple of 283?
False
Is 9 a factor of 458443413?
True
Is 1397004749 a multiple of 1209?
False
Is 37653921 a multiple of 3?
True
Does 48 divide 374452512?
True
Is 224998000 a multiple of 2375?
True
Is 23 a factor of 44806818?
False
Does 102 divide 55614276?
True
Does 5533 divide 1167916706?
True
Is 283 a factor of 216865784?
False
Is 6019 a factor of 248368016?
True
Does 42 divide 254719228?
False
Is 252 a factor of 26553240?
True
Does 4061 divide 1150045330?
False
Does 2080 divide 35628320?
True
Does 198 divide 78590160?
True
Is 22322258 a multiple of 17?
True
Does 4288 divide 635062056?
False
Is 58694497 a multiple of 4036?
False
Is 419659461 a multiple of 1053?
True
Is 127 a factor of 78678527?
False
Does 93 divide 226643325?
True
Is 6354685 a multiple of 85?
True
Is 5016 a factor of 291850944?
True
Does 817 divide 490016992?
True
Does 19 divide 21178553?
False
Does 3904 divide 1372003922?
False
Is 79 a factor of 931048022?
True
Does 186 divide 31694586?
True
Is 2213730 a multiple of 135?
True
Is 346040724 a multiple of 23?
False
Is 59 a factor of 373650596?
False
Is 306281520 a multiple of 136?
True
Does 32 divide 155252964?
False
Is 4722889 a multiple of 257?
True
Is 20705812 a multiple of 193?
True
Is 881 a factor of 472043835?
False
Is 1950030 a multiple of 45?
True
Is 969675561 a multiple of 23?
True
Does 95 divide 161439580?
True
Does 49 divide 30512741?
True
Does 22 divide 21677545?
False
Is 27886042 a multiple of 257?
True
Is 95365403 a multiple of 4?
False
Does 609 divide 25515912?
False
Is 2464 a factor of 52759168?
True
Is 477168394 a multiple of 4818?
False
Is 397283636 a multiple of 1412?
False
Is 103 a factor of 106389703?
False
Is 571890963 a multiple of 21?
True
Is 411 a factor of 460528197?
False
Is 10379594 a multiple of 1268?
False
Does 1721 divide 1294610839?
False
Does 464 divide 772500168?
False
Is 1253 a factor of 28791565?
False
Does 408 divide 340002312?
True
Does 8 divide 24833816?
True
Does 19 divide 216443531?
False
Does 10 divide 58142150?
True
Does 117 divide 773196951?
False
Is 3 a factor of 108282327?
True
Is 442750997 a multiple of 593?
True
Does 4151 divide 1122637221?
False
Does 79 divide 22080348?
False
Is 6 a factor of 47883990?
True
Is 29096298 a multiple of 66?
True
Is 1299518374 a multiple of 16?
False
Is 2028 a factor of 78773533?
False
Is 438 a factor of 259184528?
False
Is 431420580 a multiple of 990?
False
Is 50 a factor of 10281970?
False
Does 72 divide 46309392?
True
Does 2657 divide 180453406?
False
Does 2061 divide 14657832?
True
Does 557 divide 87100875?
True
Is 4000276 a multiple of 92?
False
Is 307552734 a multiple of 18?
True
Is 19 a factor of 33320428?
False
Is 35 a factor of 47910870?
True
Does 186 divide 19143077?
False
Is 2244193 a multiple of 73?
False
Does 45 divide 65029395?
False
Is 11 a factor of 40718488?
False
Does 158 divide 5484860710?
False
Is 6432419 a multiple of 1942?
False
Is 147330279 a multiple of 27?
True
Is 14722002 a multiple of 93?
False
Is 2386 a factor of 31247056?
True
Is 948778631 a multiple of 28?
False
Is 3345 a factor of 47261505?
True
Is 329 a factor of 53557394?
False
Is 1477763 a multiple of 133?
True
Is 1461213 a multiple of 181?
True
Is 155 a factor of 19919980?
True
Is 452 a factor of 13544632?
True
Is 41 a factor of 143002670?
True
Is 29847740 a multiple of 430?
False
Does 57 divide 480795114?
True
Does 919 divide 713803723?
False
Is 185445864 a multiple of 474?
True
Does 8 divide 355172384?
True
Does 36 divide 117487951?
False
Is 70282391 a multiple of 60?
False
Does 1020 divide 783519120?
True
Is 131053864 a multiple of 19?
False
Is 601350842 a multiple of 50?
False
Is 35451052 a multiple of 49?
False
Is 118 a factor of 40613294?
False
Does 3100 divide 178892879?
False
Is 144 a factor of 371934957?
False
Is 415196925 a multiple of 11?
True
Is 14488058 a multiple of 5?
False
Is 1076192381 a multiple of 359?
False
Does 423 divide 56793249?
True
Is 375812 a multiple of 4?
True
Is 7784440 a multiple of 5?
True
Is 2397 a factor of 407386929?
True
Is 619632178 a multiple of 12?
False
Does 113 divide 705513141?
False
Does 225 divide 10617300?
True
Is 217 a factor of 75841717?
True
Is 109863318 a multiple of 5673?
True
Is 113499960 a multiple of 40?
True
Is 1413068889 a multiple of 2602?
False
Does 145 divide 121203116?
False
Does 1942 divide 35874566?
True
Does 24 divide 158525585?
False
Does 57 divide 6882978?
True
Does 20 divide 69938409?
False
Is 394 a factor of 5646715?
False
Is 56712960 a multiple of 15?
True
Is 1943 a factor of 3723465200?
False
Does 2717 divide 524660616?
False
Does 16188 divide 3960075202?
False
Is 17569002 a multiple of 2883?
True
Is 17 a factor of 256340399?
True
Is 264305884 a multiple of 76?
True
Is 17012416 a multiple of 103?
False
Is 2888025200 a multiple of 11196?
False
Does 105 divide 6161085?
True
Is 51 a factor of 629375241?
True
Is 285094700 a multiple of 29?
False
Is 172178552 a multiple of 8?
True
Does 28 divide 94238350?
False
Does 92 divide 85117388?
True
Does 59 divide 511632279?
False
Does 179 divide 20287860?
True
Is 5 a factor of 162780209?
False
Does 12941 divide 229206916?
False
Does 484 divide 4086412?
True
Is 429600509 a multiple of 13?
True
Is 28 a factor of 26838280?
True
Is 13 a factor of 85155839?
False
Does 81 divide 4566896?
False
Does 77 divide 118476945?
False
Is 52057863 a multiple of 6?
False
Is 126294480 a multiple of 156?
True
Does 4192 divide 601566953?
False
Is 53123972 a multiple of 415?
False
Is 9 a factor of 2736423489?
False
Is 37198320 a multiple of 426?
True
Is 81 a factor of 25353?
True
Is 997400 a multiple of 68?
False
Does 15 divide 704996940?
True
Is 321461544 a multiple of 12?
True
Does 18 divide 5265074790?
True
Is 78824230 a multiple of 2214?
False
Does 307 divide 315384784?
True
Does 72 divide 421242961?
False
Is 80 a factor of 33094828?
False
Does 242 divide 4335740002?
True
Does 200 divide 983740906?
False
Is 7493988 a multiple of 3?
True
Is 190 a factor of 23907510?
True
Is 1124063533 a multiple of 733?
False
Is 11 a factor of 805077108?
True
Is 24 a factor of 1029938112?
True
Is 74 a factor of 803414982?
False
Does 25 divide 3969372?
False
Is 279 a factor of 2251948?
False
Does 1085 divide 447207918?
False
Is 556 a factor of 19319332?
True
Does 551 divide 22948599?
True
Is 2 a factor of 72297?
False
Is 22 a factor of 2904796541?
False
Is 9 a factor of 61554427?
False
Does 194 divide 168954212?
True
Is 17 a factor of 349900406?
False
Does 7 divide 885419038?
True
Does 2136 divide 1777585563?
False
Does 59 divide 575419979?
True
Does 18 divide 51568280?
False
Is 14878262 a multiple of 129?
False
Is 31 a factor of 103975258?
False
Is 65 a factor of 1325382908?
False
Is 4003 a factor of 1403107542?
True
Does 42 divide 44499840?
True
Is 13 a factor of 38445862?
True
Is 16 a factor of 24392842?
False
Does 1735 divide 156893386?
False
Is 24 a factor of 17061591?
False
Is 590623550 a multiple of 16?
False
Is 78569760 a multiple of 80?
True
Is 134 a factor of 39724031?
False
Is 44539172 a multiple of 406?
False
Is 13 a factor of 108759457?
False
Is 141341416 a multiple of 4?
True
Is 1572603075 a multiple of 415?
True
Does 59 divide 953920422?
False
Is 48 a factor of 753138960?
True
Is 99117739 a multiple of 21?
False
Does 1540 divid